Let o = 12 + -7. Suppose -132 = o*z - 452. What is the highest common divisor of z and 8?
8
Let v(r) = r**2 + 2*r + 6. Let n be v(-11). Calculate the highest common factor of n and 15.
15
Suppose 4*q = 2*v + 2*v + 88, -2*q + 42 = -v. Let h be 22/(-4)*q/(-5). Calculate the greatest common factor of 110 and h.
22
Suppose -2*o = 10, 0 = 3*y + y - 3*o - 23. Let r = -19 + 20. Calculate the greatest common factor of r and y.
1
Suppose 7 = 2*n + 1. Suppose 3*s + 1 = -4*r + 12, s + 5 = 3*r. Calculate the highest common factor of n and r.
1
Let f be -3 + 1*(8 - 1). What is the highest common factor of 12 and f?
4
Let g(i) = -3*i**3 + i**2 + 2*i - 2. Let t be g(2). Let o = t + 42. Calculate the greatest common factor of 3 and o.
3
Let v(k) = -28*k - 2. Let b be v(-2). Suppose 5*t - b = 3*t. What is the greatest common divisor of t and 3?
3
Suppose -t - 7 = -28. Calculate the highest common divisor of 14 and t.
7
Let s be -1*(-2)/(-8)*-28. Calculate the highest common factor of 77 and s.
7
Let a(f) = f**3 + 9*f**2 + f + 11. Let h be a(-9). Let i be (-5496)/21 - h/7. Let b = i - -394. Calculate the highest common divisor of b and 12.
12
Let t(p) = -p**2 + 12*p - 6. Let l be t(10). Suppose -2*x = -4*x - 4*n + 188, 5*x = -2*n + 486. What is the highest common factor of x and l?
14
Let j = 20 + -12. Suppose -3*o + j = -1. Suppose o*h - 13 = 26. Calculate the highest common divisor of 13 and h.
13
Suppose -20 = -2*d + 2*a, 2*a - 16 = -d - 0*a. What is the highest common factor of d and 48?
12
Let v = 3 + -3. Suppose -4*r - 2*w = -v*r - 72, -18 = -r + 4*w. Suppose -5 + 23 = u. Calculate the greatest common divisor of u and r.
18
Suppose 5*q = 2*q + 357. Suppose 3*l - 5*l + d = -178, 0 = -5*l + 5*d + 445. Suppose -4*j + q = -l. Calculate the greatest common factor of 13 and j.
13
Let b = 2 - 1. Suppose -b = 2*x - 9. Let i(m) = -6*m + 4. Let s be i(-2). Calculate the highest common factor of x and s.
4
Let q be (-1 + 0)*(-16 + 4). What is the highest common factor of q and 36?
12
Suppose -2*z - 2*f + 26 = 0, 3*z - 39 = 5*f - 0*f. What is the highest common factor of 13 and z?
13
Suppose -9*j - 385 = -14*j. Suppose 4*z - 42 - j = -5*o, 4*o + 164 = 4*z. Let a be ((-24)/(-14))/((-4)/(-126)). Calculate the greatest common factor of a and z.
18
Suppose -5*s = -345 - 280. Let q(o) = 3 + 0 + 2*o**2 + 2*o - 2. Let m be q(3). Calculate the greatest common factor of s and m.
25
Let d be (0 - -17)*2*1 - 1. Calculate the greatest common divisor of d and 11.
11
Suppose 20*y - 15*y = 850. Calculate the greatest common divisor of y and 68.
34
Let f(g) = 3*g - 7. Let b be f(7). Let r = 6 - -1. Calculate the highest common factor of r and b.
7
Suppose -4*p - 1 + 57 = 0. Calculate the greatest common divisor of p and 35.
7
Suppose s = 3, -3*w = 3*s - 0*s - 51. What is the greatest common divisor of 14 and w?
14
Let f = -21 - -33. What is the greatest common factor of f and 36?
12
Let p(c) = -c**3 - 11*c**2 + 9*c + 30. Let t be p(-12). Calculate the highest common factor of t and 22.
22
Suppose 1 = -k + 4. Suppose -k*s - s + 3*t + 1 = 0, 2*t = 3*s - 2. Suppose 3*r - s + 3 = 2*z, 0 = -4*z + 4*r. What is the greatest common divisor of z and 8?
1
Let h be (20/14)/((-2)/(-7)). What is the highest common divisor of 95 and h?
5
Let f(m) = -m + 11. Let b be f(6). Let u be (-10)/3*(9 + -3). Let p be u*-2*(-3)/(-12). What is the highest common divisor of b and p?
5
Let a(s) = 2*s - 5. Let d be a(9). Suppose 0*y + 4*y + 356 = 0. Let f = 180 + y. Calculate the greatest common factor of d and f.
13
Suppose k + 44 = 3*k. Calculate the highest common divisor of k and 110.
22
Let d = -55 - -66. Calculate the greatest common factor of d and 11.
11
Suppose -q + 14 = 5*f, 0*q - 5*q = 3*f - 26. Let p be (-2)/3 - (-20)/(-6). Let c = -2 - p. Calculate the highest common divisor of c and q.
2
Let g(d) = -d**2 - d + 4. Let b be g(-4). Let i be b/(-1 - 22/(-24)). Let w be (-22 + -2)/2*-1. What is the highest common divisor of i and w?
12
Let g(m) = 4*m. Let c be g(1). Suppose 3*j + 54 = 2*r, j - 23 - 9 = -r. Let u be (4/10)/(1/r). Calculate the highest common factor of c and u.
4
Let d be -1 - 78/(-4 - -2). What is the highest common factor of 38 and d?
38
Suppose 0 = -f - 0*f + 3, -4*f + 120 = 3*m. Let x = -6 + 12. Suppose x*g = 4*g + m. Calculate the greatest common divisor of g and 90.
18
Let r be 1*9 - (-69)/(-23). Calculate the greatest common factor of r and 3.
3
Let c = -17 + 28. What is the greatest common divisor of 22 and c?
11
Let g be 212/(20/15 + 2/3). Calculate the greatest common divisor of g and 265.
53
Let g = 11 - 8. Let n be (-1 + (-2 - -2))/((-31)/93). Calculate the greatest common divisor of g and n.
3
Let s = 0 - 0. Suppose -2*d - 3*t = -8*t - 41, d - 3*t - 20 = s. Calculate the highest common divisor of 69 and d.
23
Suppose -8 = -3*w + 4. Suppose -2 = -2*c - 2*h - 4, -2*c + 28 = -w*h. What is the highest common divisor of 6 and c?
2
Suppose -36 = -0*z + 2*z. Let v = 33 + z. What is the highest common factor of 30 and v?
15
Let m(t) = -t**3 - 10*t**2 - 10*t + 9. Let d be m(-9). Let p be 2/(-9) - (-544)/d. Let w = p - 17. Calculate the highest common divisor of 143 and w.
13
Let g = 237 + -17. Suppose 2*n - g = 2*d - 6*d, 4*d + 92 = n. What is the greatest common factor of 13 and n?
13
Suppose 0*a - 5*a + 60 = 0. Let c be (-254)/(-3) + (-4)/6. Calculate the greatest common divisor of c and a.
12
Suppose -4*w = -70 - 138. Suppose 4*d - 2*d = 4*s + 42, -2*d + 3*s + 38 = 0. Calculate the highest common factor of w and d.
13
Let j = -5 + 10. Suppose 0 = -j*v - 86 + 856. Calculate the greatest common factor of v and 14.
14
Let n be 6/15 + (206/10 - -3). What is the highest common divisor of n and 56?
8
Suppose n + 2*g - 9 = g, 2*g = -n + 12. What is the highest common factor of n and 12?
6
Let q(v) = -v**3 - 2*v - 2. Let l be q(-2). Let h = 4 - 6. Let t = 0 - h. Calculate the highest common divisor of t and l.
2
Let h(l) = 7*l + 2. Let o be h(1). Calculate the greatest common divisor of 27 and o.
9
Suppose -f - 349 = -5*j, -j - 5*f + 46 = -29. Let x = 591 - 563. Calculate the highest common factor of j and x.
14
Let b be (-68)/(-10)*(-6 + 1). Let p = b - -58. Let a = 207 - 171. What is the highest common factor of a and p?
12
Let d be (2/(-4))/((-1)/6). Suppose -8 = m - d*m. Suppose 0 = a + m - 7. Calculate the highest common divisor of 24 and a.
3
Let j be 4/(-24)*3*-2. What is the greatest common factor of 29 and j?
1
Let v = -64 + 31. Let p = v + 62. Calculate the greatest common divisor of p and 58.
29
Let x(z) = -z**2 + 21*z - 28. Let l be x(19). What is the greatest common divisor of l and 4?
2
Let l(d) = d**2 - d + 3. Let w be l(4). What is the greatest common factor of w and 35?
5
Suppose 0 = 2*o + 2*o - 28. Let x(w) = -2*w + w**2 + o*w**2 + w**2 - 2*w**2. Let l be x(-4). Calculate the greatest common divisor of 15 and l.
15
Suppose c + 3 = -2*c. Let p be c/2*(1 + -27). Let n be (-778)/(-12) - 3/(-18). Calculate the highest common divisor of p and n.
13
Suppose -40 = -5*n + 15. What is the highest common divisor of 11 and n?
11
Suppose -4*g = -3*g. Suppose g = -4*t + 14 + 54. Calculate the highest common factor of 68 and t.
17
Suppose 0 = 5*g + 10, 5*g + 55 = -3*m + 4*m. Let w = -6 - -11. Let y = 4 + w. What is the highest common divisor of m and y?
9
Let h = 19 + 31. Let b(w) = w**2. Let q be b(0). Suppose 2*z - 45 = 5*n, 3*z + 3*n = -q*n + 57. What is the highest common divisor of z and h?
10
Let j be 1/(-4) + 759/44. What is the greatest common divisor of j and 136?
17
Let r = 365 - 101. Calculate the highest common divisor of r and 33.
33
Suppose 3*b - 40 = 29. Suppose 2*m - 25 = b. Calculate the highest common divisor of 36 and m.
12
Suppose -2*t = -4*k - 19 + 1, -12 = 3*k. Calculate the greatest common factor of 11 and t.
1
Suppose -4*k + 2*k - 3 = s, 4*k + 21 = s. Let z(x) = x**3 - 2*x**2 - x - 1. Let i be z(3). Calculate the greatest common factor of s and i.
5
Let v(b) = 9*b**2 + 2*b + 1. Let t be v(-1). Let r = 2 - -6. Calculate the highest common divisor of r and t.
8
Let n = 90 - 37. Suppose 4*k = -4*r + 140, -3*k + 56 + n = 5*r. What is the highest common divisor of k and 231?
33
Let i = -6 - -35. Calculate the greatest common factor of i and 29.
29
Let x = 55 + 